f 336787?
11, 17, 1801
List the prime factors of 927706.
2, 13, 31, 1151
List the prime factors of 1875775.
5, 11, 19, 359
List the prime factors of 1308489.
3, 7, 13, 4793
List the prime factors of 293525.
5, 59, 199
What are the prime factors of 178695?
3, 5, 11, 19
List the prime factors of 780156.
2, 3, 13, 1667
List the prime factors of 823666.
2, 411833
List the prime factors of 10146037.
11, 922367
List the prime factors of 849363.
3, 283121
What are the prime factors of 221097?
3, 73699
List the prime factors of 3217478.
2, 11, 146249
List the prime factors of 2370653.
1123, 2111
What are the prime factors of 936588?
2, 3, 78049
What are the prime factors of 700289?
53, 73, 181
What are the prime factors of 608897?
608897
What are the prime factors of 7018317?
3, 67, 103, 113
What are the prime factors of 1776549?
3, 59, 10037
List the prime factors of 208059.
3, 223, 311
List the prime factors of 115483.
23, 5021
List the prime factors of 722143.
17, 107, 397
What are the prime factors of 725769?
3, 11, 7331
What are the prime factors of 428289?
3, 367, 389
List the prime factors of 466354.
2, 7, 33311
What are the prime factors of 1617879?
3, 539293
What are the prime factors of 1192722?
2, 3, 137, 1451
List the prime factors of 719669.
283, 2543
What are the prime factors of 5014464?
2, 3, 7, 13, 41
List the prime factors of 15283746.
2, 3, 849097
What are the prime factors of 2628487?
2628487
What are the prime factors of 2761613?
59, 46807
What are the prime factors of 11889661?
7, 701, 2423
What are the prime factors of 544631?
544631
What are the prime factors of 9718736?
2, 607421
What are the prime factors of 631118?
2, 315559
List the prime factors of 295738.
2, 67, 2207
What are the prime factors of 377497?
43, 8779
What are the prime factors of 184186?
2, 19, 37, 131
What are the prime factors of 35192?
2, 53, 83
What are the prime factors of 128439?
3, 67, 71
List the prime factors of 317341.
271, 1171
What are the prime factors of 7883007?
3, 11, 238879
List the prime factors of 15274132.
2, 3818533
List the prime factors of 792059.
37, 21407
What are the prime factors of 4570587?
3, 7, 2687
What are the prime factors of 10696588?
2, 7, 382021
List the prime factors of 1775160.
2, 3, 5, 4931
What are the prime factors of 526673?
7, 75239
List the prime factors of 1491918.
2, 3, 19, 23, 569
List the prime factors of 396600.
2, 3, 5, 661
List the prime factors of 737709.
3, 7, 35129
List the prime factors of 362483.
11, 31, 1063
List the prime factors of 41287.
19, 41, 53
What are the prime factors of 119256?
2, 3, 4969
What are the prime factors of 26490487?
26490487
List the prime factors of 15146300.
2, 5, 13, 61, 191
What are the prime factors of 6149039?
13, 59, 8017
List the prime factors of 152688.
2, 3, 3181
What are the prime factors of 41820916?
2, 10455229
What are the prime factors of 772667?
7, 17, 43, 151
What are the prime factors of 5079779?
79, 64301
What are the prime factors of 6911654?
2, 3455827
What are the prime factors of 120064?
2, 7, 67
List the prime factors of 19998.
2, 3, 11, 101
List the prime factors of 273949.
13, 1621
List the prime factors of 2130863.
7, 43487
What are the prime factors of 45989?
45989
What are the prime factors of 1459392?
2, 3, 11, 691
What are the prime factors of 483465?
3, 5, 167, 193
List the prime factors of 1055371.
1055371
List the prime factors of 247716.
2, 3, 7, 983
What are the prime factors of 1678315?
5, 335663
What are the prime factors of 16762556?
2, 61, 68699
What are the prime factors of 6111930?
2, 3, 5, 11, 18521
What are the prime factors of 135926?
2, 7, 19, 73
List the prime factors of 514080.
2, 3, 5, 7, 17
List the prime factors of 328608.
2, 3, 7, 163
What are the prime factors of 10479460?
2, 5, 331, 1583
What are the prime factors of 10926244?
2, 7, 390223
What are the prime factors of 36363?
3, 17, 23, 31
List the prime factors of 54448.
2, 41, 83
What are the prime factors of 16338452?
2, 13, 43, 7307
What are the prime factors of 2563684?
2, 181, 3541
What are the prime factors of 23310088?
2, 127, 22943
List the prime factors of 1779763.
23, 223, 347
What are the prime factors of 145708?
2, 73, 499
List the prime factors of 270724.
2, 53, 1277
What are the prime factors of 73363?
73363
What are the prime factors of 263340?
2, 3, 5, 7, 11, 19
List the prime factors of 3231661.
23, 41, 149
List the prime factors of 420341.
420341
List the prime factors of 1461149.
197, 7417
What are the prime factors of 191241?
3, 787
What are the prime factors of 420682?
2, 17, 12373
What are the prime factors of 2523575?
5, 100943
List the prime factors of 1161021.
3, 387007
What are the prime factors of 50797?
79, 643
What are the prime factors of 18252903?
3, 163, 229
What are the prime factors of 9441674?
2, 11, 73, 5879
What are the prime factors of 990924?
2, 3, 11, 7507
List the prime factors of 324288.
2, 3, 563
What are the prime factors of 863276?
2, 107, 2017
List the prime factors of 11035475.
5, 11, 40129
List the prime factors of 1312501.
19, 37, 1867
What are the prime factors of 47935?
5, 9587
What are the prime factors of 5207636?
2, 7, 185987
List the prime factors of 1845738.
2, 3, 41, 61
What are the prime factors of 2995796?
2, 23, 32563
What are the prime factors of 1429898?
2, 714949
List the prime factors of 6756.
2, 3, 563
What are the prime factors of 4567003?
7, 652429
List the prime factors of 107277.
3, 35759
What are the prime factors of 7070227?
7070227
List the prime factors of 235741.
11, 29, 739
What are the prime factors of 2126524?
2, 531631
List the prime factors of 215588.
2, 53897
What are the prime factors of 19735773?
3, 6578591
What are the prime factors of 2132596?
2, 533149
What are the prime factors of 23480974?
2, 11, 61, 17497
List the prime factors of 22809338.
2, 647, 17627
List the prime factors of 833792.
2, 3257
What are the prime factors of 839471?
839471
List the prime factors of 888354.
2, 3, 16451
List the prime factors of 1189364.
2, 11, 27031
List the prime factors of 6397350.
2, 3, 5, 42649
What are the prime factors of 692970?
2, 3, 5, 23099
What are the prime factors of 27798164?
2, 41, 169501
List the prime factors of 16466381.
16466381
What are the prime factors of 2526867?
3, 7, 19, 2111
What are the prime factors of 398948?
2, 11, 9067
List the prime factors of 438848.
2, 6857
List the prime factors of 320021.
13, 103, 239
What are the prime factors of 230726?
2, 115363
What are the prime factors of 27370993?
13, 83, 25367
List the prime factors of 23163206.
2, 11, 1052873
List the prime factors of 523205.
5, 269, 389
List the prime factors of 1736744.
2, 31, 47, 149
What are the prime factors of 258223?
7, 37, 997
What are the prime factors of 3123382?
2, 757, 2063
What are the prime factors of 31283826?
2, 3, 7, 277, 2689
List the prime factors of 2245184.
2, 35081
What are the prime factors of 277130?
2, 5, 7, 37, 107
What are the prime factors of 2801181?
3, 61, 15307
What are the prime factors of 326277?
3, 7, 5179
What are the prime factors of 25825?
5, 1033
List the prime factors of 840513.
3, 503, 557
What are the prime factors of 278151?
3, 92717
List the prime factors of 6743174.
2, 43, 89, 881
What are the prime factors of 568086?
2, 3, 73, 1297
What are the prime factors of 12086536?
2, 7, 11, 2803
List the prime factors of 80816.
2, 5051
What are the prime factors of 278297?
397, 701
List the prime factors of 2221842.
2, 3, 7, 52901
What are the prime factors of 295550?
2, 5, 23, 257
List the prime factors of 827382.
2, 3, 73, 1889
List the prime factors of 23007527.
29, 97, 8179
What are the prime factors of 85439?
85439
List the prime factors of 83496.
2, 3, 7, 71
What are the prime factors of 1483421?
41, 97, 373
List the prime factors of 660583.
7, 11, 23, 373
What are the prime factors of 936902?
2, 468451
What are the prime factors of 1313653?
11, 307, 389
List the prime factors of 3620291.
3620291
List the prime factors of 26947738.
2, 19, 709151
What are the prime factors of 21112597?
11, 23, 83449
What are the prime factors of 2644004?
2, 11, 60091
List the prime factors of 3089813.
89, 149, 233
List the prime factors of 18483976.
2, 7, 61, 773
List the prime factors 